
1110011111010
In base 2, what is 1110101001100111111 - -100100111?
1110101010001100110
In base 9, what is 5 + -166250?
-166244
In base 6, what is -454114451 - -4?
-454114443
In base 10, what is 2 - 2175834?
-2175832
In base 14, what is -b7 + -1d5d3?
-1d6aa
In base 6, what is -333242023 + -5?
-333242032
In base 4, what is -11033222 - -1030?
-11032132
In base 9, what is -500523 - 140?
-500663
In base 2, what is 101101010101011011 - 110010?
101101010100101001
In base 12, what is -6775787a - -5?
-67757875
In base 10, what is -3 - 367569997?
-367570000
In base 9, what is -217 + -285278?
-285506
In base 3, what is 1122211 + -1000120012200?
-1000111112212
In base 7, what is -15 + 1624343?
1624325
In base 5, what is 2 - 2010223241?
-2010223234
In base 7, what is 101360503145 - 1?
101360503144
In base 6, what is -1003 - -523440?
522433
In base 11, what is 47147332 - 0?
47147332
In base 8, what is -400140 + 1206?
-376732
In base 4, what is -10 - 11102310203?
-11102310213
In base 3, what is -1111201212111112 - 2?
-1111201212111121
In base 11, what is 2a569914 + -3?
2a569911
In base 2, what is 101101110111001101 - 1110000?
101101110101011101
In base 3, what is 1111211 + 1102111220?
1111000201
In base 13, what is 3b60 + 178?
4008
In base 16, what is -4ce - -351?
-17d
In base 4, what is -21330320220 - -11?
-21330320203
In base 11, what is 139 + 482475?
482603
In base 14, what is 166 - 16b21?
-16999
In base 9, what is -5 - -17733312?
17733306
In base 6, what is -423 - -100322035?
100321212
In base 6, what is -30432 - 1245?
-32121
In base 16, what is -3 + 1214e8?
1214e5
In base 11, what is -231a3 + 1?
-231a2
In base 7, what is -30062 - 113?
-30205
In base 13, what is 6 - 4a501c?
-4a5016
In base 15, what is 47deb - -157?
48053
In base 12, what is 4554913 - b?
4554904
In base 11, what is -a917 - 15a?
-aa76
In base 10, what is 35 + 1569592?
1569627
In base 15, what is a7d0 + 236?
aa16
In base 5, what is -1033040320424 - 0?
-1033040320424
In base 10, what is -362 - -717989?
717627
In base 13, what is 39 - 158bb05?
-158ba99
In base 13, what is -5 - 44a005?
-44a00a
In base 13, what is 10380a + 45?
103852
In base 4, what is -2010101001131 - 0?
-2010101001131
In base 16, what is 2c9 - -ed0?
1199
In base 9, what is -4360 + 71772?
66412
In base 10, what is 15762 + -312?
15450
In base 16, what is -1 + -691d0?
-691d1
In base 11, what is -4872 - 9188?
-12a4a
In base 8, what is -71676425 + 2?
-71676423
In base 9, what is 43 - 507272?
-507228
In base 6, what is 30 - -2213133?
2213203
In base 8, what is 75444 - 57554?
15670
In base 10, what is 52492 - 872?
51620
In base 15, what is -4 - -3452319?
3452315
In base 14, what is -219 - 22745?
-22960
In base 3, what is 12 + 100210102000110?
100210102000122
In base 14, what is -95b + -23c53?
-247b0
In base 6, what is -20200 - -15534?
-222
In base 10, what is -6891683 + 2?
-6891681
In base 13, what is -4370033c + -2?
-43700341
In base 6, what is -15154 - -12150?
-3004
In base 2, what is 111 + -10010011101101000100101000?
-10010011101101000100100001
In base 9, what is 2 + -188566281?
-188566278
In base 2, what is -10 + -10111101100101001110111?
-10111101100101001111001
In base 5, what is -120132423 - -1134?
-120131234
In base 3, what is 0 + 200012012010010?
200012012010010
In base 12, what is 5 + 1395923?
1395928
In base 3, what is 112002211112122 - -2211?
112002211122110
In base 5, what is 1103340 - 34?
1103301
In base 8, what is -27326672 - -1?
-27326671
In base 13, what is 4288 + -112?
4176
In base 7, what is 4 - 51464100?
-51464063
In base 6, what is 235 + -202014?
-201335
In base 7, what is 152 - 6361120?
-6360635
In base 7, what is -10464 - 110464?
-121261
In base 12, what is -13 + 6530?
6519
In base 16, what is 3a41be - 2?
3a41bc
In base 4, what is 10312003313 + -12?
10312003301
In base 12, what is -3b38 - -3a3a?
-ba
In base 4, what is -2102001311232 + 2?
-2102001311230
In base 11, what is 4476a5 - -963?
448558
In base 5, what is -12132204410 - -24?
-12132204331
In base 2, what is 10010001110111100110 + -11?
10010001110111100011
In base 8, what is -407074 + -21?
-407115
In base 15, what is -a36c1 - -3e?
-a3682
In base 9, what is 4578 - 1732?
2746
In base 5, what is -14324 - -213100140?
213030311
In base 8, what is -331053555 + -1?
-331053556
In base 2, what is 11011 + 1110011001100011?
1110011001111110
In base 4, what is -103013 + 122321022?
122212003
In base 4, what is 3 - 123130133131?
-123130133122
In base 13, what is 4c1 + 2712b?
2761c
In base 2, what is 1 - -101001111000000110101110?
101001111000000110101111
In base 7, what is 25 + -2045563?
-2045535
In base 12, what is 153979 + -42a?
15354b
In base 16, what is -10d0dcc + -1?
-10d0dcd
In base 7, what is 3023000 - 316?
3022351
In base 13, what is c0 + 1b71?
1c61
In base 15, what is -74a7 + 2094?
-5413
In base 6, what is -5502233112 - 43?
-5502233155
In base 10, what is -9047 - -2367?
-6680
In base 5, what is -2 - -1420212242?
1420212240
In base 11, what is -11496a8 - 4?
-1149701
In base 12, what is -4613b6 + -144?
-46153a
In base 5, what is 3132 - -132102?
140234
In base 9, what is 6380 - 137558?
-131168
In base 8, what is 141663 - -140?
142023
In base 9, what is -5 + 336582867?
336582862
In base 14, what is -cac5b68 + 5?
-cac5b63
In base 15, what is 71 - -2ea9e?
2eb20
In base 3, what is -120212211 + 111022010?
-2120201
In base 4, what is -1223 - -123212200?
123210311
In base 9, what is 6374 - 7166?
-682
In base 10, what is 3211729 - 5?
3211724
In base 7, what is -132116 + -2003?
-134122
In base 5, what is 14004324111 + 1?
14004324112
In base 15, what is -1 - 43e1c9?
-43e1ca
In base 6, what is -20110322 + 152?
-20110130
In base 10, what is -5715267 - -2?
-5715265
In base 7, what is 2545563611 + 3?
2545563614
In base 5, what is -4114 + -4340331?
-4400000
In base 3, what is 10 + -20121022122011002?
-20121022122010222
In base 15, what is -7cd - c95?
-1573
In base 14, what is -124 - -12a198?
12a074
In base 11, what is 1 + 21a61018?
21a61019
In base 9, what is -255 + -523711?
-524066
In base 8, what is -3773 + -10711?
-14704
In base 7, what is -1 + 166153606?
166153605
In base 2, what is 1100110110110 + 1101011?
1101000100001
In base 4, what is -3 - -2300013302?
2300013233
In base 11, what is 81426 - -38?
81463
In base 7, what is -6 + -2530251305?
-2530251314
In base 6, what is 25451 - 4442?
21005
In base 11, what is -4 + 2a00788?
2a00784
In base 5, what is -410122431 - 0?
-410122431
In base 10, what is 2051247 + 86?
2051333
In base 14, what is 1543697 - 1d?
1543678
In base 16, what is -51b + -2f89?
-34a4
In base 15, what is -6 + -62d1b?
-62d22
In base 4, what is -110312321 - 2130?
-110321111
In base 2, what is -101011010010011110110011 - 101?
-101011010010011110111000
In base 15, what is -4c - 1b2a?
-1b77
In base 6, what is 35215 - -230232?
305451
In base 14, what is -529 + 3c148?
3ba1d
In base 14, what is -2c019b5 + -3?
-2c019b8
In base 11, what is 18534 - 2027?
16508
In base 2, what is -1100010011100000101111011 - 11?
-1100010011100000101111110
In base 14, what is 3985934 + 7?
398593b
In base 14, what is 2c5138 - -10?
2c5148
In base 7, what is -131331 - -223?
-131105
In base 10, what is 0 - -10389109?
10389109
In base 9, what is 24 - -87468?
87503
In base 4, what is 11 - 3202130112120?
-3202130112103
In base 11, what is -8411427a + -4?
-84114283
In base 3, what is 1100121020001 + -220?
1100121012011
In base 3, what is 12102 - 1210110222?
-1210021120
In base 14, what is 324 - 2c353?
-2c02d
In base 13, what is -16113589 - 0?
-16113589
In base 3, what is 1011122 + 1101221022?
1110002221
In base 6, what is 1155531341 + 0?
1155531341
In base 12, what is 2959 - 1a239?
-174a0
In base 2, what is 11101100 - 1110000100110010101?
-1110000100010101001
In base 8, what is 126 - -4024164?
4024312
In base 5, what is 10 + 32040304?
32040314
In base 14, what is -5 - 554c80?
-554c85
In base 2, what is -101010110110 - -111101010110101?
110111111111111
In base 3, what is 1 + -2122002001210?
-2122002001202
In base 3, what is 221222021002 - 1211210?
221220102022
In base 7, what is -424455 - -40?
-424415
In base 11, what is 669945 - 288?
669668
In base 9, what is -1222705302 - 1?
-1222705303
In base 8, what is 152 - -5646304?
5646456
In base 15, what is 5 + -4e37b8?
-4e37b3
In base 10, what i